 m(q) = 1 + 1 - 105*q**3 + 2*q + 103*q**3 - 2*q**2 + 0*q. What is m(t)?
6
Let j = 10 + -21. Let h = 10 + j. Let f(x) be the first derivative of x**4/4 - x**2/2 - 22. Determine f(h).
0
Let u(o) = 5*o**3 + o - 3. Let d(v) = -6*v**3 - v**2 - v + 4. Let l(z) = 3*d(z) + 4*u(z). What is l(2)?
6
Let b(c) = -c**3 + 5*c**2 - 6*c + 5. Let o = -22 + 38. Suppose 0*a + 2*f = 2*a - 2, -a = 3*f - 17. Suppose -3*v + 23 = a*z, -v = -3*z - 5*v + o. Give b(z).
-3
Suppose -12 = -3*d - 4*b - 5, -2*d = -4*b - 18. Let i(l) = 3 - l**2 + 7*l - 2 + l**2 - l**2. Calculate i(d).
11
Suppose 22*x + 38 = -16*x. Let k(y) = 8*y**2 - 2*y - 2. Calculate k(x).
8
Let t(v) = -5*v**2 + 8*v - 8. Let p(i) = -2*i**2 + 3*i - 3. Let g(b) = -8*p(b) + 3*t(b). Let l(x) = 6*x - 4. Let k(w) = -g(w) - l(w). Calculate k(-6).
4
Let p(g) be the first derivative of g**4/4 + 8*g**3/3 + g**2 + 3*g + 348. Determine p(-8).
-13
Let m(b) = -33*b - b**2 + 2 - b**2 + 34*b + b**2. What is m(3)?
-4
Let d(q) = q**2 - 13*q + 40. Let u be d(4). Let g(b) = -5*b + 8. What is g(u)?
-12
Let h(a) be the third derivative of -a**4/24 + 529*a**2. Suppose 0 = 2*r - 6*r + 8. Give h(r).
-2
Let b(v) = v**2 + 2*v - 2. Let g be b(2). Let x be ((-20)/12)/((-5)/g). Let o(h) = 7 + x + 12*h**2 - 9. Give o(1).
12
Let o(y) = y**3 + 34*y**2 + 3. Let l be o(-34). Let n(x) = x**3 - x**2 - 4*x - 1. Determine n(l).
5
Let d be 2 - ((-9)/3 - -1). Let l(y) = 843 - 3*y - 851 + d*y. What is l(0)?
-8
Let m(r) = -r**3 - 11*r**2 - 9*r + 11. Suppose 5*s - 49 + 9 = 4*u, 0 = s. Calculate m(u).
1
Let w(n) be the third derivative of -n**4/24 + n**3/2 + 9*n**2. Let r = -113 + 119. Calculate w(r).
-3
Let i(p) = -2*p + 22. Let h = -1532 + 1543. What is i(h)?
0
Suppose 7*p + 7 + 7 = 0. Let o(v) = 9*v**3 - 9*v - 4. Let b(c) = 5*c**3 - 5*c - 2. Let f(i) = 11*b(i) - 6*o(i). Determine f(p).
-4
Let r = 9 + 2. Let i(o) = 13 - 1 + 3 + 2 + r*o. Let p(u) = 5*u + 8. Let n(a) = 3*i(a) - 7*p(a). Give n(4).
-13
Let q(p) = 6*p**3 - 17*p**2 + 16*p - 3. Let x(o) = 5*o**3 - 16*o**2 + 15*o - 3. Let f(g) = 4*q(g) - 5*x(g). Calculate f(11).
3
Let k(n) = -n**3 + 8*n**2 + 8*n - 2. Suppose -36 = 4*s - 8*s. What is k(s)?
-11
Let g(s) = 2*s**2 - 2*s + 1. Let h = 4 - 2. Let l be (h - 1)*(1 + 2 - 5). Give g(l).
13
Let l(w) = -w + 1. Let d(v) = -26*v + 4. Let f(j) = d(j) - 12*l(j). Let o(a) = -5*a - 3. Let t(i) = -4*f(i) + 11*o(i). Give t(-5).
-6
Let b(v) = 2*v + 2. Let a be (-2)/7 - 52/14. Give b(a).
-6
Let i(k) = k - 4. Let a be i(5). Let c(p) = -2*p. Let z be c(-1). Let v(g) = z - 2*g - 4 + 2. What is v(a)?
-2
Let k(r) = -r + 6. Suppose -f = 4*c - 18, 4*c - 11 = -2*f + 9. What is k(f)?
4
Let n(b) = -93*b - 99*b + 179*b. What is n(-1)?
13
Let i(r) = -106 + 189 - 2*r - 93. Calculate i(-12).
14
Let j(i) = -i - 1. Let r(h) = h + 2. Let z(g) = 5*j(g) + 4*r(g). Give z(-4).
7
Let z be (-84)/(-10) - (-686)/(-490). Let g(s) = s**2 - 10*s + 7. Determine g(z).
-14
Let l(k) be the first derivative of 30 - 8/3*k**3 - 1/2*k**2 + 1/4*k**4 + 5*k. Determine l(8).
-3
Suppose 4*y + 6*y = 4*y. Suppose y*t - 3 = -t. Let n(f) = -f - 4. Calculate n(t).
-7
Suppose 4*y - 5*y = 0. Suppose -4*s + 20 = -y*s. Suppose -26 = -s*x - 2*z, 0*z + 3*z + 3 = 3*x. Let j(o) = o**3 - 4*o**2 - 3*o - 3. Calculate j(x).
-15
Let q = -1 - -23. Let r(z) = z**2 - 22*z + 11. Give r(q).
11
Let q(x) = x + 11. Let d(v) = v**3 - 4*v**2 - 3. Let g be d(4). Let y(c) = c + 11. Let j(w) = g*q(w) + 4*y(w). Determine j(-6).
5
Let a(b) = 670 - 2*b - 700 - 5*b. Determine a(-5).
5
Let v(a) = 3*a - a - 3*a. Let z(i) = i**3 - 3*i**2 + i + 5. Let w be z(0). Suppose -w*o + 5 - 5 = 0. Determine v(o).
0
Let u = 0 - 0. Let j(w) = 61*w + 19. Let p(t) = -38*t - 13. Let v(x) = -5*j(x) - 8*p(x). Give v(u).
9
Let u(d) = -3*d - 3. Let y = -4 - -2. Let x = 1 - y. Suppose -x*g + 12 = -2*m, -2*m - 1 = m + 4*g. Calculate u(m).
6
Let x(n) = -n**3 - 4*n**2 - n + 1. Let h be x(-4). Let c be ((-8)/(-10))/4*h. Suppose s + c = -3. Let f(a) = -a**3 - 4*a**2 - 2*a - 6. Determine f(s).
2
Let z be 92/16 - 1/(-4). Let i be (10/6)/(1/z). Let v = 8 - i. Let r(h) = -4*h - 2. Calculate r(v).
6
Let t = 219 - 221. Let h(i) = -3*i + 1. Give h(t).
7
Let g(c) = -13*c**3 + 2*c**2 + 4*c + 1. Let d be g(-1). Suppose 7*z + d = z. Let v(u) = -2*u**2 - 4*u - 2. Give v(z).
-2
Let y(a) = -a**2 + 20*a + 23. Let x be y(21). Let l(n) = 4*n**2 + 2*n**2 + 47 - x*n - 46. Calculate l(1).
5
Let k = 168 - 168. Let r(f) = -23*f - 4 + f**2 + 23*f. What is r(k)?
-4
Let l(y) = 21 + 0*y**3 - 8*y + 4*y**3 - 9*y**2 + 10*y**3 - 16*y**3 + 3*y**3. What is l(10)?
41
Suppose 0 = 5*w - 0*w. Let c(a) be the third derivative of -a**4/24 - 5*a**3/2 - 7561*a**2. What is c(w)?
-15
Let i(x) = -3*x - 1. Let v(m) = -m**3 - 3*m**2 + 13*m + 7. Let s(h) = h**2. Let r(z) = 5*s(z) + v(z). Let w be r(5). Calculate i(w).
8
Let c be (-42)/9*(-216)/28. Let i(p) = -7 + 1 - c*p + 37*p. Determine i(6).
0
Let j(m) = m**3 - 13*m**2 + 10*m + 17. Let a = -213 - -225. Determine j(a).
-7
Let b(o) be the third derivative of 3*o**4/8 + o**3/2 - 155*o**2. Give b(4).
39
Let w(x) = -32*x + 11*x + 19*x - 14. What is w(-8)?
2
Let v be 9*4/12 - 2/(-1). Let f(k) = -k + 3 - 2*k + 6*k**2 - k**3 - 3*k. Give f(v).
-2
Let b(l) be the third derivative of -l**8/6720 + l**7/630 + l**6/360 - l**5/120 + 11*l**4/24 - 7*l**2. Let p(m) be the second derivative of b(m). Give p(4).
7
Suppose 4*p - 63 = -2*o - 61, -p - 3*o + 3 = 0. Let g(h) = -h - 1. Give g(p).
-1
Suppose 4*q = 0, -8 = -3*a + q + 4. Let b be a + (-3)/3 - -10. Let m(y) = -y - b + 13. Give m(-3).
3
Let v(y) = -2 + y**2 - 3 + 1 + 5 - 6 + 7*y. Let m(q) = -6*q + 1. Let u be m(1). Calculate v(u).
-15
Let f = 190 + -195. Let p(c) = 8*c**2 - c + 3. Let q(l) = 2*l - 16*l**2 - 1 - 1 - 3. Let s(t) = f*p(t) - 3*q(t). Give s(1).
7
Let t be ((-63)/441)/(2/(-98)). Let o(d) = -d**2 + 8*d. Give o(t).
7
Let w(q) be the second derivative of -q**4/12 - q**3/3 - 3*q**2/2 - q. Let c(o) = o**2 - 10*o + 8. Let d be c(12). Let l = d - 34. Give w(l).
-3
Let f(k) = -3*k + 19. Let w(l) = -l + 10. Let u(q) = 2*f(q) - 5*w(q). Determine u(-11).
-1
Let t(c) = c**3 - c**2 + 3*c - 1. Suppose 132*d = 134*d. Determine t(d).
-1
Let y(w) = 2*w + 56*w**2 - 22*w**2 - 15*w**2 - 22*w**2 + 6. Let o be y(-2). Let j(i) = -i - 4. Calculate j(o).
6
Let u(p) = -p - 5. Let k be u(-8). Suppose -2 = 7*w - 16. Let g(v) = v - v**k - v**w + 2 - 4 + 2. Calculate g(1).
-1
Let b(g) = 1. Let m(h) = -h - 8. Let d(a) = 3*b(a) + m(a). Suppose -8*z + 16 = -10*z. Calculate d(z).
3
Let j(g) = -g**2 + 5*g - 5. Let w be 4/8 - (-27)/(-6). Let b be 4 - (-3 - w) - -2. Determine j(b).
-5
Let k(a) = 5*a - 6 + 0 - 6*a - 4. Let q(b) = 6*b + 17. Let m be q(-4). What is k(m)?
-3
Suppose -26 = -5*u + 19. Let g be 9/2*(-6)/u. Let k be 5/(-10)*(-1 - g). Let w(m) = -10*m - 1. Calculate w(k).
9
Let s(x) = -x**3 + 9*x**2 + 10*x. Suppose 338 = 2*i + 318. Calculate s(i).
0
Let a(b) = -4*b**3 - 19*b + 9. Let j(t) = -t**3 - 6*t + 3. Let d be (-2)/(-4)*(-8)/(-3 + 5). Let x(h) = d*a(h) + 7*j(h). Determine x(2).
3
Let j(k) = -k**3 + 6*k**2 - 7*k - 2. Let m(z) = 0*z - 12 - 9 - 2 - 4*z. Let y be m(-7). Give j(y).
-12
Let c = -90 - -79. Let t be (-2)/(-4)*(-8)/(-2) + c. Let r(z) = 5*z**2 + 6*z + 11. Let i(x) = -x**2 + x - 1. Let y(m) = 4*i(m) + r(m). Give y(t).
-2
Let u(y) be the third derivative of y**6/180 + y**5/30 - y**4/8 - 4*y**2. Let s(r) be the second derivative of u(r). What is s(-4)?
-12
Let t(v) = v**2 + 8*v + 14. Let d be t(-6). Let w be -4 - (-4 - -4) - d. Let l(o) = -o**3 - 7*o**2 - 8*o + 1. What is l(w)?
13
Let t(v) be the first derivative of -v**4/2 - 17*v**3/3 - 9*v**2/2 - 11*v - 271. Calculate t(-8).
-3
Suppose 3*q = -64 + 76. Let j(s) = s + 1. Give j(q).
5
Suppose 19*x - 7*x + 5*x = 0. Let r(c) = c**2 + 26. Give r(x).
26
Let f(m) = m**3 + 4*m**2 - 5*m - 4. Let l(n) = -2*n + 4. Let z = -7 - -11. Suppose 2*d = -v, -2*d + z = -v - 6*d. Let t be l(v). Determine f(t).
16
Let j(w) be the second derivative of w**3/6 - 17*w. Let d(s) = 3*s - 6. Let m(v) = -d(v) + 4*j(v). Calculate m(-6).
0
Let i(o) = -2*o + 4. Let x(a) = 2*a + 6. Let c be x(-2). Let s be i(c). Let h(f) = 3*f + 8 + 2 + s*f - 7. Determine h(-2).
-3
Let c(u) be the first derivative of u**3/3 + u**2/2 - u + 3. Let t(q) = -2*q**2 - q + 1. Let m(p) = -c(p) - t(p). Let v = -145 + 147. Give m(v).
4